{"id":46,"date":"2019-01-25T11:13:54","date_gmt":"2019-01-25T10:13:54","guid":{"rendered":"http:\/\/dev.maja.media\/niemiec\/?page_id=46"},"modified":"2022-09-15T22:12:31","modified_gmt":"2022-09-15T20:12:31","slug":"nicole-ehlert","status":"publish","type":"page","link":"https:\/\/jetzttext.de\/index.php\/nicole-ehlert\/","title":{"rendered":"Nicole Ehlert"},"content":{"rendered":"<p>[et_pb_section bb_built=&#8220;1&#8243; _builder_version=&#8220;3.0.101&#8243; use_background_color_gradient=&#8220;on&#8220; background_color_gradient_start=&#8220;rgba(0,0,0,0.51)&#8220; background_color_gradient_end=&#8220;rgba(0,0,0,0)&#8220; background_color_gradient_overlays_image=&#8220;on&#8220; background_image=&#8220;https:\/\/jetzttext.de\/wp-content\/uploads\/2019\/06\/schody.jpg&#8220; custom_padding=&#8220;200px|||&#8220; next_background_color=&#8220;#000000&#8243;][\/et_pb_section][et_pb_section bb_built=&#8220;1&#8243; _builder_version=&#8220;3.0.47&#8243; prev_background_color=&#8220;#000000&#8243;][et_pb_row _builder_version=&#8220;3.0.47&#8243; background_size=&#8220;initial&#8220; background_position=&#8220;top_left&#8220; background_repeat=&#8220;repeat&#8220;][et_pb_column type=&#8220;2_3&#8243;][et_pb_text _builder_version=&#8220;3.0.101&#8243; text_font=&#8220;||||||||&#8220; header_font=&#8220;||||||||&#8220; header_2_font=&#8220;Calibri|700|||||||&#8220; header_2_font_size=&#8220;23px&#8220; header_4_font=&#8220;||||||||&#8220; header_4_font_size=&#8220;16pt&#8220;]<\/p>\n<h2>Karneval &amp; Kohl, Corporate Publishing &amp; Coaching<\/h2>\n<p>[\/et_pb_text][et_pb_text _builder_version=&#8220;3.0.101&#8243; text_font_size=&#8220;16px&#8220; text_line_height=&#8220;1.8em&#8220; background_layout=&#8220;light&#8220;]<\/p>\n<p>Mit Geschichten \u201evon nebenan\u201c fing es an \u2013 Karneval, Kohlernte und im tiefsten Sommerloch auch mal ein St\u00fcck \u00fcber einen Kaktus, der nicht bl\u00fchen wollte. \u201eSie kann aus Mist Gold machen\u201c, lobte ein Chef bei einer der Tageszeitungen, f\u00fcr die ich noch w\u00e4hrend meines Studiums schrieb.<br \/>\nMeine Vorliebe f\u00fcr die bunten und emotionalen Storys f\u00fchrte mich nach drei Jahren Tageszeitung in die Welt der Frauenmagazine. Nach einigen Jahren als Allrounderin im Report-Ressort bei F\u00dcR SIE machte ich mich 2010 als Texterin und Blattmacherin selbstst\u00e4ndig. Zu Geschichten und Berichten f\u00fcr F\u00dcR SIE, EMOTION, BELLA, BILD der FRAU u.a. kam mit der redaktionellen Leitung des Verbandsmagazins TEMPRA365 der Bereich CORPORATE PUBLISHING hinzu; mit der EMOTION-Eventreihe \u201eMehr Frauen in die MINT-Branchen\u201c meine T\u00e4tigkeit als MODERATORIN. Hier entstand die Grundlage f\u00fcr meine heutigen Themenschwerpunkte, die Potenzial- und Pers\u00f6nlichkeitsentwicklung. So bin ich inzwischen als Kommunikationsmanagerin und als Coach f\u00fcr die Hamburger Karriereberatung <a href=\"http:\/\/www.econnects.de\"><img decoding=\"async\" src=\"data:image\/png;base64,iVBORw0KGgoAAAANSUhEUgAAAFIAAAARCAYAAABO4PtZAAABYWlDQ1BrQ0dDb2xvclNwYWNlRGlzcGxheVAzAAAokWNgYFJJLCjIYWFgYMjNKykKcndSiIiMUmB\/yMAOhLwMYgwKicnFBY4BAT5AJQwwGhV8u8bACKIv64LMOiU1tUm1XsDXYqbw1YuvRJsw1aMArpTU4mQg\/QeIU5MLikoYGBhTgGzl8pICELsDyBYpAjoKyJ4DYqdD2BtA7CQI+whYTUiQM5B9A8hWSM5IBJrB+API1klCEk9HYkPtBQFul8zigpzESoUAYwKuJQOUpFaUgGjn\/ILKosz0jBIFR2AopSp45iXr6SgYGRiaMzCAwhyi+nMgOCwZxc4gxJrvMzDY7v\/\/\/\/9uhJjXfgaGjUCdXDsRYhoWDAyC3AwMJ3YWJBYlgoWYgZgpLY2B4dNyBgbeSAYG4QtAPdHFacZGYHlGHicGBtZ7\/\/9\/VmNgYJ\/MwPB3wv\/\/vxf9\/\/93MVDzHQaGA3kAFSFl7jXH0fsAAAA4ZVhJZk1NACoAAAAIAAGHaQAEAAAAAQAAABoAAAAAAAKgAgAEAAAAAQAAAFKgAwAEAAAAAQAAABEAAAAAo4ePSwAADs1JREFUWAldWGlsXNd1\/t4yO3cOyeFw30SJkiVLCmJJ1eJYji3bkWW1cdMkSGMYTd2kSVO0aX+0QYG2SIuiTZsFRRMEQWs1SNzYkaxYlh07dixG8iJRIqmNlCju4jYckjMczj7vvX7nDimnvcTwzdx77rln+c5yn+ZYlmPbGmDa0PkH8DuH4xTkH7+ZcDR55rlkQHdMWCS5R2k7XOca9zlc03Wh1WGr\/1zjTwcWNIc0thuaafA3h1WAY5Cea4DBjw2bjB2dO8kTXJNZkYOzZO\/iLxkFUlIA4UvmusNVg08ld5G3aGDLmXaW+7xKBpnRdKHS1flCo+Tgc+Xdsxj94dfR8KkvIfzIH3CG4jk57tDhciiFLtQfDtnnFCw4Jrk5FmzKZhZ0CmrrWL7Vj8LcHWjJVViVYQTadqA81MQdOa6btKEL2fgyVkavQF+eRTabghGog7dlE8qbu6EbBrKxKFZGLiE3O0EjWHCF2lHevRveylo4tgeWncLiaz+F7vWi5sAxrNwaRH5yiGJZcDdvQUXXTmWYXC6NhfNnaM811Ox\/AvmlBNK3B+Bk09Ab2lG97SNwaW4qyj\/DDSsVx8rtK7AWx2CI\/4ONqNq0G2ZpNXnTmASDTQdll6YRH70BJ74ILV+AUVGN0vsOoECD0BSI912AliPPQAnq9\/42dLeO6PgAMiN9yEejNLwL\/tpamOEWVG7eg0xkActTI5SBu7VsBuM\/\/hcyOQ\/kEmJZFFwatIpaNPzOF1H3wMNkoGGZgk795JsozM5As5IUzkCuUIDv4FPY\/uzfIDZ0HtMvfBu5uRk6P0ME0pQuHd6aBjT9\/l\/TSLuAlIXFt05CtzJ0yA2sXemlnzJ0AvHt8iH0ic8hfOTzKFCmhXdOQV+NwJqbxfLABRiJGD3vwDC8SB9+Ai3Hv0rnupGKjGHy+X9GanSQxhEMOVRMR6SlG22f\/xpKGnsoTx6TZ3+E+LkzcJbnKBtRTSRn+dz8le\/A0Il+7rFplLlbl1Fo3YLQvqOYeuPHiHIf0hkiM4scEW1YdEp1DUq+\/gPE7w6jkI4i5\/bDnH\/7Z0i89zq9F0TN03+M0vowogO\/xsqvXsbcqe+jrHObCrPp\/\/5H6AuzKOncgYqDR+AtqYWVJVIMH5Lz05j86Xehz4wjsGM\/ah98SoVU7PxprF4+h7t0QMmff4d8mBo8BsxoBoWxm6h54llUtnZinugr9J9H9NxZBPd8QtGZbjdcuRzWBt5H9aFjCHbdh8hAL7Lnf4lY75uo2nccZQ1dmHrlP2EP98HX2o3QE88Abi+W334JqcELmDn5PXR\/5d8QvXMJsbP\/BXeOUbr7AEIEh+6qRH4tAk99KzJTNxjKtHeQ4Dn2V\/BWhFFIxbB64Qw8BEvlJ59DadNm4p9OyqSwNEvkuzyMyAo6PQGX4YG5dO4lokunYA8jfPBx5jsD\/oYOxG5cgrY8j6WRa7AssojehckQbXrmLxGobSfL4pDsEe1\/C\/bsJJzKGnQ+\/VX4Q21q0R+qRWpsEBYNHR25TFTuZ3DoRIKFmiefRXjPUUXnLq\/FyLULyGUSKCSWYVbVqVAsMA\/VH\/0M6h76HJVgwJRV4+7Ae9BSKzCJklyS9BNDTJ8Gah55GsFd+2gNDb4SP8bvXEd2ZgKpxWmkmLYMGsCzaQdanv1buImgjawneqQnbrBE5JHzlKJ08154Smnk6CwRnoPD6LTo1KTLDSfvoKqtnuccZN61Ud25Hf7lEFx0nqmvMpw9Lqy99yau9vUylWswSKQlCNkCPcCikE8vM8drcNNQnppGhgXVEgk0JnQpAvks3JaFrLcamt+j1hzk4Clvgrc8iNTqChLzs6jsyjOsNOrK1MFiUhx0EguUxVQhpYcMVRHhJJctmL4SRWZTMocOLXDdQx4aFUsSGYXECgKMisipH2Lh5ecFMzBoTCuXZUSmsBadQWGBHxayQM9uKs3cSvipoqiKmhQghrqm05iUpZCh\/AVGaBm0+i7kGQVL\/\/PvzKMGZTcRDQRQumMfmo8\/B91fglLaQ4BoWixKBi2tt7UgEO6AbRP\/qlIZKBgWfOFWWGNrym75fIpeyjIJGwrm1Fopqao9DavReFIVxcBFS2eQZ+V0NMlBPvJwlCHoE8VPbSa9I4bln1RjaSDEhI4yJA1Co8kQvkLD0qt+iem9VaXQaeh8IQZfRxdspieHskue1BhZHpeJkvoOpP2VNJyO1OxdrlFhyuewC9H0Yieg+IpsXLJ5rs1uwPR40f7Zv8BcWzeyiwvqWJMRkx0eQKL3FSw0dqHh0PF1p9t0+M59WH33bZT5AmhkjnET1tJMiKC6zRKoe+GhijGvn4VmHosXf4Hg3mNEFBUjYi09D6csCMtfCic2j+TIILy7H6XKBhYHe5FbiLBoGqjbtFkpw06FK2IWCdbiIAY5w1OpgDz5Tz3V3D06CQEORcO9Vh6eqh52BHVIRRcRqGxE25NfpJM95JDhR1o18mF1TzQzFRkakqz8kevnENx6gOtsxchG43yOhNIBuHIEipVjREq0FOgkH1offwam6eZvtjmFHEa+9SdIDA8yGkYpI7WwCRr61mx47A+RHR9DgkVhmIv+8jCNQ02IvHypH91f+CcEmnpQevBJJFjFZl\/4LuK9rH5sYZwUW6D79qPt8c\/Ct2MP4u++ibmf\/Cvi\/e8o5GWu97GqJVDx0CfhpwelGouxxDbrZhHLSDSrIQlfFqRtFSDKT9XCqqf8Ks5JRApSdaKz+vDvITn191h54wVkb16GU8KQlHXmUN+uPWh97Auo3H4IM82vAmPXEPnBPyDGKJOgyzL8m5\/+MtyBMoauF77FeUz\/x9egtd+PTZ\/+U8yePYEEc3cg1Ah3XRjZ+UVkx0aILR\/Ku7Yp40uAiKxmgFWr40vfwMy508jc7ENs+hYFZBvhuODu3knv0LOMgLannsN8TRNifa8jdXdCecJm+FRLonV50fqpP8Msc0qy700sD35A\/zkoqQqjloqGDx8nGgM8MIMMEZOlIA6RXhwS0mwp2P44pp\/zLtKxdaJicPtUj1ako8TMx7bpY1tFWrY+kiqq7z8A\/cvfwNKv38DaKA0ZZXsjjiFtCSurfHWXV2HLH\/0dFnpfRuLmRazOjCqWupcyEU7lnR9B2f6jSPT3AjSmY46qfOxjH53oz2N16Cq0GwPkS5zXhhB++HdRt\/MwES1IlssG+2zHYnzqdA8raZ7NuMBXhRfnDCpiMFeooXIT7yGZOAoMAUpAYU24KIxussAID458coW5mnlRlqmsu6SS3wSCcsuxkVuNcYHhzX3iABk2U0h+LaZuHqavVD1zlEVuPzpTjsvjJxWFZiuST61RaJqeKNKZMlRc0fA2QzKXjDMdSX4mNeVxMX\/qZjEPUhjhwAiJw86yDighCBZ\/gEt0Hit0LpXgPGVlX+kOMFXxHCuTVGtiE5YigsoDV0B0ohISXetDIzF\/id9kyAIZ3Rv8vZ7s701RoOIQOmH2m\/TFqSI\/4bnBl1\/VMRtHyT7ObZy1EdtCL3Qy1Hahkz1Eoww6Wwzyf4bMyRB6NdZp5fuGbBt71H7FWBaLn\/XjhPxDHhvnbizeY14k+g0Dqn38p0fm53HypRdx9szPkUoVbyxSDpSnGXJFwSWsOEeFpqYmkFxbK66LkUVJMcTGU\/ZyPp\/L49w7v8LPXnwR42MMJXVfFcGKCVq8rZKZKKQEIx\/hx+qqPkrRIt9FXsXuTk+qM16lnKvxFSxFIxgeusG5olwfysw9aqw\/uX518AplGCFHmVufV8fyn5J7XT+pGkp3IZPv1F91D\/JdPsX9Ivr\/t6W5GInAy8KxtLyEEydOIBwOo6trE27eHEJraxvSyRTuzswgEGD19rhRHQwik86qK5Xat7SCyckJ5FmcNB7ewj27du3EmVdfgZvtx7btW3H656fw4IMfQ3V1kAqNI5NJw+v34uCBj1E21th0CkNDw6isqMTyyhLmFxawsrKCfft+Sznh0qWLeOCBPWhsasHp06cxT+d\/9KMPcM8QotElxGIraGhoRFlZBYZvDaOzswO3b9\/G8tISmpqalHz1vLGNjIwiUFKCUH0drlzuJ10XYjxvdXUVW7fdh+vXbxL00hsDmzdvRjqVwShBsG1bD0bvjGFtLYHOrk5cuzaIo8eeQnVVFY1bHCZbcuZ0D9ra2zExMY6FyDyuXb3KlxJMsjxAhGtsbFZI1OnduZkIckHmKl7fSsoCFPgOacrobZtOaFRKFgp5xGMxpXx3dw+VP4M7d8aZx4AP3r+EtrZWbOrejFOnTmLr1h6E6+sxPEzHtbVh7M4o5uYX8OiRx\/Daa79AqLYGe\/fup3JFJHV2sH\/jOW\/98i0E6dTe3nPMsTamp2aQZqVeY7RMjk+qVqu5pZnRk6axEiAbjE9NIce7vbxROnDoECoqKvCjE8+jsoo3Gd7TgzU1WFyMoGfLFlzqu4TLV\/oRrAoSNCZtkaAdGvDe+xcVqMrLy5QF5Q2UyMZLjRuhuhCtvh3ZTEa1BC2NrUREjEpuVcYMh+vZS7H6uYXhKg8ux0B\/PzLjWcW8rq5OMVPP9by3pacHFy9+gAjDclNXB9rpqOHhWywwvMLx9nN3ehqPPnoELl7vJE2bPGCaipZXlMPj9RBhITTyk2RERNknilFkVFSW4+OPPIyJyXGUlZdik7cLdaEQ2js6cOrkSRw58AiuXLmCUKiGwBhFfagezc2NNHIStbVVjIYMqqqrMUnQeBlh27dv516+UeKc2+NBaYmPKG7ALF++7N51P2po3NaWdszOzjIimhCPx5Sz4vFVtafoXgZWIZ+lHqKIi95itWUC8LKizs3Owe\/3q49Y3FGJmrij0i4qHSPi8qyiVZWsYOtoMfhSwmJomPIkSsTo6XQaNUSOy+Ui2iPwMY2IwOK0CtkryYb7hS6RYM9JlNjkIfSCtDTpkskkglTUpNMlDUhKEZmyjIqcvNggCsUQfLFKGhdlcPD6a+wbOR46\/HGmJPLi9TIWjzPd8FWY30eDrMLr8yrkyn45V\/QSWxjM0\/l8XukQj8XpsDLuYwOv7OBQprTi46EeMifjfwF1\/rNZNRDURQAAAABJRU5ErkJggg==\" alt=\"pastedGraphic.png\" \/><\/a> t\u00e4tig, schreibe au\u00dferdem weiter frei f\u00fcr Zeitungen, Magazine &amp; Co.<\/p>\n<p>&nbsp;<\/p>\n<p>[\/et_pb_text][\/et_pb_column][et_pb_column type=&#8220;1_3&#8243;][et_pb_image src=&#8220;https:\/\/jetzttext.de\/wp-content\/uploads\/2019\/01\/nicole22.jpg&#8220; _builder_version=&#8220;3.0.101&#8243; \/][\/et_pb_column][\/et_pb_row][et_pb_row _builder_version=&#8220;3.0.101&#8243;][et_pb_column type=&#8220;2_3&#8243;][et_pb_text _builder_version=&#8220;3.0.101&#8243; header_2_font=&#8220;Calibri|700|||||||&#8220; header_2_font_size=&#8220;23px&#8220; header_4_font_size=&#8220;16pt&#8220; custom_margin=&#8220;||0px|&#8220; custom_padding=&#8220;||0px|&#8220; background_layout=&#8220;light&#8220;]<\/p>\n<h2 style=\"text-align: center;\"><strong>Stationen<\/strong><\/h2>\n<p>&nbsp;<\/p>\n<p>[\/et_pb_text][et_pb_text _builder_version=&#8220;3.0.101&#8243; text_font_size=&#8220;17px&#8220; text_line_height=&#8220;1.8em&#8220; text_orientation=&#8220;center&#8220; background_layout=&#8220;light&#8220;]<\/p>\n<p>Kommunikationsmanagerin und Coach econnects\u00aeGmbH<br \/>\nFreie Redakteurin Text I Konzeption I Moderation<br \/>\nChefredakteurin WUNDER der TIERWELT<br \/>\nChefredakteurin NATURAPOTHEKE<br \/>\nModeratorin EMOTION Verlag<br \/>\nRedaktionsleiterin MITTENDRIN,<br \/>\nRedaktionsleiterin tempra365<br \/>\nRedakteurin F\u00dcR SIE<br \/>\nRedakteurin PINNEBERGER TAGEBLATT<br \/>\nVolont\u00e4rin SCHLESWIG HOLSTEINISCHER ZEITUNGSVERLAG (sh:z)<br \/>\nStudium GERMANISTIK\/GESCHICHTE in Heidelberg (Magister-Abschluss)<\/p>\n<p>&nbsp;<\/p>\n<p>[\/et_pb_text][\/et_pb_column][et_pb_column type=&#8220;1_3&#8243;][\/et_pb_column][\/et_pb_row][et_pb_row _builder_version=&#8220;3.0.101&#8243;][et_pb_column type=&#8220;2_3&#8243;][et_pb_text _builder_version=&#8220;3.0.101&#8243; text_font_size=&#8220;16px&#8220; text_line_height=&#8220;1.8em&#8220; header_font_size=&#8220;16pt&#8220; header_4_font_size=&#8220;16pt&#8220; background_layout=&#8220;light&#8220;]<\/p>\n<p>&nbsp;<\/p>\n<h4><strong>Privat<\/strong><\/h4>\n<p><span style=\"color: #6cc5fa;\"><strong><em>\u201eEin Leben ohne Tiere ist m\u00f6glich, aber sinnlos\u201c\u00a0<\/em><\/strong><\/span>\u2013\u00a0so k\u00f6nnte, frei nach Loriot, mein Lebensmotto lauten. In meiner Wahlheimat mitten in Schleswig-Holstein lebe ich seit Jahren so dicht wie m\u00f6glich am Wasser. \u201ePampa\u201c sagen die einen \u2013 ich nenne es Paradies, zu dem neben meiner Tochter auch immer ein halber Zoo geh\u00f6rt hat: Hund, Pferde und was uns sonst so an \u201eFindelkindern\u201c zugelaufen ist, von K\u00e4tzchen bis Kaninchenbaby.<span class=\"Apple-converted-space\">\u00a0<\/span><\/p>\n<p>[\/et_pb_text][\/et_pb_column][et_pb_column type=&#8220;1_3&#8243;][et_pb_image src=&#8220;https:\/\/jetzttext.de\/wp-content\/uploads\/2019\/09\/konie.jpg&#8220; align=&#8220;center&#8220; _builder_version=&#8220;3.0.101&#8243; \/][\/et_pb_column][\/et_pb_row][\/et_pb_section]<\/p>\n","protected":false},"excerpt":{"rendered":"<p>Karneval &amp; Kohl, Corporate Publishing &amp; Coaching Mit Geschichten \u201evon nebenan\u201c fing es an \u2013 Karneval, Kohlernte und im tiefsten Sommerloch auch mal ein St\u00fcck \u00fcber einen Kaktus, der nicht bl\u00fchen wollte. \u201eSie kann aus Mist Gold machen\u201c, lobte ein Chef bei einer der Tageszeitungen, f\u00fcr die ich noch w\u00e4hrend meines Studiums schrieb. Meine Vorliebe [&hellip;]<\/p>\n","protected":false},"author":1,"featured_media":0,"parent":0,"menu_order":0,"comment_status":"closed","ping_status":"closed","template":"","meta":{"_et_pb_use_builder":"on","_et_pb_old_content":"","_et_gb_content_width":"","two_page_speed":[],"footnotes":""},"class_list":["post-46","page","type-page","status-publish","hentry"],"_links":{"self":[{"href":"https:\/\/jetzttext.de\/index.php\/wp-json\/wp\/v2\/pages\/46","targetHints":{"allow":["GET"]}}],"collection":[{"href":"https:\/\/jetzttext.de\/index.php\/wp-json\/wp\/v2\/pages"}],"about":[{"href":"https:\/\/jetzttext.de\/index.php\/wp-json\/wp\/v2\/types\/page"}],"author":[{"embeddable":true,"href":"https:\/\/jetzttext.de\/index.php\/wp-json\/wp\/v2\/users\/1"}],"replies":[{"embeddable":true,"href":"https:\/\/jetzttext.de\/index.php\/wp-json\/wp\/v2\/comments?post=46"}],"version-history":[{"count":21,"href":"https:\/\/jetzttext.de\/index.php\/wp-json\/wp\/v2\/pages\/46\/revisions"}],"predecessor-version":[{"id":629,"href":"https:\/\/jetzttext.de\/index.php\/wp-json\/wp\/v2\/pages\/46\/revisions\/629"}],"wp:attachment":[{"href":"https:\/\/jetzttext.de\/index.php\/wp-json\/wp\/v2\/media?parent=46"}],"curies":[{"name":"wp","href":"https:\/\/api.w.org\/{rel}","templated":true}]}}